{"id":13,"date":"2024-10-18T12:32:11","date_gmt":"2024-10-18T10:32:11","guid":{"rendered":"https:\/\/kursaalmelilla.com\/?page_id=13"},"modified":"2025-12-09T11:40:15","modified_gmt":"2025-12-09T10:40:15","slug":"home","status":"publish","type":"page","link":"https:\/\/kursaalmelilla.com\/","title":{"rendered":"Home"},"content":{"rendered":"<p>[et_pb_section fb_built=\u00bb1&#8243; admin_label=\u00bbHeader\u00bb _builder_version=\u00bb4.27.2&#8243; _module_preset=\u00bbdefault\u00bb use_background_color_gradient=\u00bbon\u00bb background_color_gradient_stops=\u00bbrgba(0,0,0,0.5) 0%|rgba(0,0,0,0.5) 100%\u00bb background_color_gradient_overlays_image=\u00bbon\u00bb background_image=\u00bbhttps:\/\/kursaalmelilla.com\/wp-content\/uploads\/2024\/10\/WhatsApp-Image-2024-10-18-at-14.18.08-scaled.jpeg\u00bb parallax=\u00bbon\u00bb custom_padding=\u00bb6vw||||false|false\u00bb collapsed=\u00bbon\u00bb global_colors_info=\u00bb{}\u00bb][et_pb_row _builder_version=\u00bb4.24.2&#8243; _module_preset=\u00bbdefault\u00bb width=\u00bb90%\u00bb max_width=\u00bbnone\u00bb global_colors_info=\u00bb{}\u00bb][et_pb_column type=\u00bb4_4&#8243; _builder_version=\u00bb4.24.1&#8243; _module_preset=\u00bbdefault\u00bb global_colors_info=\u00bb{}\u00bb][et_pb_code _builder_version=\u00bb4.27.2&#8243; _module_preset=\u00bbdefault\u00bb global_colors_info=\u00bb{}\u00bb]<div data-src=\"https:\/\/cdn.trustindex.io\/loader.js?21b17a63648580798806a148706\"><\/div>[\/et_pb_code][et_pb_code _builder_version=\u00bb4.27.2&#8243; _module_preset=\u00bbdefault\u00bb global_colors_info=\u00bb{}\u00bb]<div data-src=\"https:\/\/cdn.trustindex.io\/loader.js?20b09b236400807ae0261fc42f0\"><\/div>[\/et_pb_code][et_pb_heading title=\u00bbKursaal Lounge Caf\u00e9 &#8211; Bar\u00bb _builder_version=\u00bb4.27.2&#8243; _module_preset=\u00bbbbfae65c-bba2-41c9-964a-c67305ff82f1&#8243; title_font=\u00bb|||||on|||\u00bb title_text_align=\u00bbcenter\u00bb title_text_color=\u00bb#FFFFFF\u00bb title_font_size=\u00bb8vw\u00bb title_line_height=\u00bb1.2em\u00bb custom_margin=\u00bb||10px||false|false\u00bb title_font_size_tablet=\u00bb8vw\u00bb title_font_size_phone=\u00bb8vw\u00bb title_font_size_last_edited=\u00bboff|desktop\u00bb locked=\u00bboff\u00bb global_colors_info=\u00bb{}\u00bb][\/et_pb_heading][et_pb_heading title=\u00bbBienvenidos al Kursaal Lounge Cafe-Bar, la nueva y emocionante propuesta gastron\u00f3mica en el coraz\u00f3n de nuestra ciudad. Nacidos de la experiencia y el \u00e9xito de nuestro anterior proyecto, en Soul Beach Caf\u00e9, hemos evolucionado para ofrecerte una experiencia \u00fanica que combina lo mejor de un caf\u00e9, un bar y un lounge.\u00bb _builder_version=\u00bb4.27.2&#8243; _module_preset=\u00bb1761562a-ed3f-40f6-9722-de640ef78b78&#8243; title_text_align=\u00bbcenter\u00bb title_text_color=\u00bb#FFFFFF\u00bb max_width=\u00bb900px\u00bb module_alignment=\u00bbcenter\u00bb global_colors_info=\u00bb{}\u00bb][\/et_pb_heading][\/et_pb_column][\/et_pb_row][et_pb_row column_structure=\u00bb1_3,1_3,1_3&#8243; _builder_version=\u00bb4.24.2&#8243; _module_preset=\u00bbdefault\u00bb width=\u00bb90%\u00bb max_width=\u00bbnone\u00bb custom_margin=\u00bb8vw||||false|false\u00bb custom_padding=\u00bb0px||0px||false|false\u00bb global_colors_info=\u00bb{}\u00bb][et_pb_column type=\u00bb1_3&#8243; _builder_version=\u00bb4.24.1&#8243; _module_preset=\u00bbdefault\u00bb global_colors_info=\u00bb{}\u00bb][et_pb_text _builder_version=\u00bb4.27.2&#8243; _module_preset=\u00bbd63c32f5-84a5-4cc7-b5c6-ce6ac24daf53&#8243; text_font=\u00bb|||on|||||\u00bb text_orientation_tablet=\u00bbcenter\u00bb text_orientation_phone=\u00bbleft\u00bb text_orientation_last_edited=\u00bbon|tablet\u00bb global_colors_info=\u00bb{}\u00bb]<\/p>\n<p>Vie 18 Oct 2024<br \/>14:43h<\/p>\n<p>[\/et_pb_text][\/et_pb_column][et_pb_column type=\u00bb1_3&#8243; _builder_version=\u00bb4.24.1&#8243; _module_preset=\u00bbdefault\u00bb global_colors_info=\u00bb{}\u00bb][\/et_pb_column][et_pb_column type=\u00bb1_3&#8243; _builder_version=\u00bb4.24.1&#8243; _module_preset=\u00bbdefault\u00bb global_colors_info=\u00bb{}\u00bb][et_pb_text _builder_version=\u00bb4.27.2&#8243; _module_preset=\u00bbd63c32f5-84a5-4cc7-b5c6-ce6ac24daf53&#8243; text_font=\u00bb|||on|||||\u00bb text_orientation=\u00bbright\u00bb module_alignment=\u00bbright\u00bb text_orientation_tablet=\u00bbcenter\u00bb text_orientation_phone=\u00bbright\u00bb text_orientation_last_edited=\u00bbon|tablet\u00bb locked=\u00bboff\u00bb global_colors_info=\u00bb{}\u00bb]<\/p>\n<p>Kursaal Lounge Caf\u00e9 &#8211; Bar<br \/>Melilla 52001<br \/>Espa\u00f1a<\/p>\n<p>[\/et_pb_text][\/et_pb_column][\/et_pb_row][et_pb_row _builder_version=\u00bb4.27.4&#8243; _module_preset=\u00bbdefault\u00bb global_colors_info=\u00bb{}\u00bb][et_pb_column type=\u00bb4_4&#8243; _builder_version=\u00bb4.27.4&#8243; _module_preset=\u00bbdefault\u00bb global_colors_info=\u00bb{}\u00bb][et_pb_image src=\u00bbhttps:\/\/kursaalmelilla.com\/wp-content\/uploads\/2025\/11\/109.-Modelo-faldon-pagina-web-PRTR.jpg\u00bb title_text=\u00bb109. Modelo faldo\u0301n pa\u0301gina web PRTR\u00bb _builder_version=\u00bb4.27.4&#8243; _module_preset=\u00bbdefault\u00bb global_colors_info=\u00bb{}\u00bb][\/et_pb_image][\/et_pb_column][\/et_pb_row][\/et_pb_section][et_pb_section fb_built=\u00bb1&#8243; admin_label=\u00bbAbout\u00bb _builder_version=\u00bb4.24.2&#8243; _module_preset=\u00bbdefault\u00bb custom_padding=\u00bb8vw||8vw||true|false\u00bb collapsed=\u00bbon\u00bb global_colors_info=\u00bb{}\u00bb][et_pb_row _builder_version=\u00bb4.24.1&#8243; _module_preset=\u00bbdefault\u00bb global_colors_info=\u00bb{}\u00bb][et_pb_column type=\u00bb4_4&#8243; _builder_version=\u00bb4.24.1&#8243; _module_preset=\u00bbdefault\u00bb global_colors_info=\u00bb{}\u00bb][et_pb_heading title=\u00bbNuevos retos\u00bb _builder_version=\u00bb4.27.2&#8243; _module_preset=\u00bb34045cdf-1e8d-4d94-abc6-cdc29ddb046e\u00bb title_text_color=\u00bbgcid-primary-color\u00bb global_colors_info=\u00bb{%22gcid-primary-color%22:%91%22title_text_color%22%93}\u00bb][\/et_pb_heading][et_pb_text _builder_version=\u00bb4.27.2&#8243; _module_preset=\u00bbdefault\u00bb global_colors_info=\u00bb{}\u00bb]<\/p>\n<h5><strong>Tras el resonante \u00e9xito de Soul Beach Caf\u00e9, nos embarcamos en una nueva y emocionante aventura gastron\u00f3mica: el Kursaal Lounge Cafe-Bar. Esta evoluci\u00f3n representa no solo un cambio de nombre, sino una transformaci\u00f3n completa de nuestra visi\u00f3n y oferta.<\/strong><\/h5>\n<p>[\/et_pb_text][et_pb_image src=\u00bbhttps:\/\/kursaalmelilla.com\/wp-content\/uploads\/2024\/10\/B02A561F-66CC-4458-9429-D0DFEC51C0BC_4_5005_c.jpeg\u00bb title_text=\u00bbB02A561F-66CC-4458-9429-D0DFEC51C0BC_4_5005_c\u00bb align=\u00bbcenter\u00bb _builder_version=\u00bb4.27.2&#8243; _module_preset=\u00bbdefault\u00bb locked=\u00bboff\u00bb global_colors_info=\u00bb{}\u00bb][\/et_pb_image][\/et_pb_column][\/et_pb_row][\/et_pb_section][et_pb_section fb_built=\u00bb1&#8243; admin_label=\u00bbCall to Action\u00bb _builder_version=\u00bb4.24.2&#8243; _module_preset=\u00bbdefault\u00bb use_background_color_gradient=\u00bbon\u00bb background_color_gradient_type=\u00bbcircular\u00bb background_color_gradient_stops=\u00bbrgba(0,0,0,0.5) 0%|#000000 100%\u00bb background_color_gradient_overlays_image=\u00bbon\u00bb background_image=\u00bbhttps:\/\/kursaalmelilla.com\/wp-content\/uploads\/2024\/10\/fine-dining-08.jpg\u00bb parallax=\u00bbon\u00bb custom_padding=\u00bb8%||8%||true|false\u00bb collapsed=\u00bbon\u00bb global_colors_info=\u00bb{}\u00bb][et_pb_row _builder_version=\u00bb4.24.1&#8243; _module_preset=\u00bbdefault\u00bb max_width=\u00bb800px\u00bb global_colors_info=\u00bb{}\u00bb][et_pb_column type=\u00bb4_4&#8243; _builder_version=\u00bb4.24.1&#8243; _module_preset=\u00bbdefault\u00bb global_colors_info=\u00bb{}\u00bb][et_pb_heading title=\u00bbNuestro men\u00fa\u00bb _builder_version=\u00bb4.24.2&#8243; _module_preset=\u00bb518baa4c-83b9-4451-bb65-92a678ab77e3&#8243; title_text_align=\u00bbcenter\u00bb title_text_color=\u00bb#FFFFFF\u00bb global_colors_info=\u00bb{}\u00bb][\/et_pb_heading][et_pb_button button_url=\u00bb@ET-DC@eyJkeW5hbWljIjp0cnVlLCJjb250ZW50IjoicG9zdF9saW5rX3VybF9wYWdlIiwic2V0dGluZ3MiOnsicG9zdF9pZCI6IjE1In19@\u00bb button_text=\u00bbVisita nuestro Men\u00fa\u00bb button_alignment=\u00bbcenter\u00bb _builder_version=\u00bb4.27.2&#8243; _dynamic_attributes=\u00bbbutton_url\u00bb _module_preset=\u00bbdefault\u00bb button_text_color=\u00bb#000000&#8243; button_bg_color=\u00bb#FFFFFF\u00bb][\/et_pb_button][\/et_pb_column][\/et_pb_row][\/et_pb_section]<\/p>\n","protected":false},"excerpt":{"rendered":"<p><div data-src=\"https:\/\/cdn.trustindex.io\/loader.js?21b17a63648580798806a148706\"><\/div><div data-src=\"https:\/\/cdn.trustindex.io\/loader.js?20b09b236400807ae0261fc42f0\"><\/div>Vie 18 Oct 202414:43hKursaal Lounge Caf\u00e9 &#8211; BarMelilla 52001Espa\u00f1aTras el resonante \u00e9xito de Soul Beach Caf\u00e9, nos embarcamos en una nueva y emocionante aventura gastron\u00f3mica: el Kursaal Lounge Cafe-Bar. Esta evoluci\u00f3n representa no solo un cambio de nombre, sino una transformaci\u00f3n completa de nuestra visi\u00f3n y oferta.<\/p>\n","protected":false},"author":1,"featured_media":0,"parent":0,"menu_order":0,"comment_status":"closed","ping_status":"closed","template":"","meta":{"_et_pb_use_builder":"on","_et_pb_old_content":"","_et_gb_content_width":"","footnotes":""},"class_list":["post-13","page","type-page","status-publish","hentry"],"yoast_head":"<!-- This site is optimized with the Yoast SEO plugin v27.2 - https:\/\/yoast.com\/product\/yoast-seo-wordpress\/ -->\n<title>Home - Kursaal Lounge Caf\u00e9-Bar<\/title>\n<meta name=\"description\" content=\"Kursaal Melilla\" \/>\n<meta name=\"robots\" content=\"index, follow, max-snippet:-1, max-image-preview:large, max-video-preview:-1\" \/>\n<link rel=\"canonical\" href=\"https:\/\/kursaalmelilla.com\/\" \/>\n<meta property=\"og:locale\" content=\"es_ES\" \/>\n<meta property=\"og:type\" content=\"article\" \/>\n<meta property=\"og:title\" content=\"Home - Kursaal Lounge Caf\u00e9-Bar\" \/>\n<meta property=\"og:description\" content=\"Kursaal Melilla\" \/>\n<meta property=\"og:url\" content=\"https:\/\/kursaalmelilla.com\/\" \/>\n<meta property=\"og:site_name\" content=\"Kursaal Lounge Caf\u00e9-Bar\" \/>\n<meta property=\"article:publisher\" content=\"https:\/\/www.facebook.com\/profile.php?id=61567324082426&amp;locale=es_ES\" \/>\n<meta property=\"article:modified_time\" content=\"2025-12-09T10:40:15+00:00\" \/>\n<meta property=\"og:image\" content=\"https:\/\/kursaalmelilla.com\/wp-content\/uploads\/2024\/11\/K-RESPLANDOR-EXTERIOR.png\" \/>\n\t<meta property=\"og:image:width\" content=\"2678\" \/>\n\t<meta property=\"og:image:height\" content=\"3375\" \/>\n\t<meta property=\"og:image:type\" content=\"image\/png\" \/>\n<meta name=\"twitter:card\" content=\"summary_large_image\" \/>\n<meta name=\"twitter:label1\" content=\"Tiempo de lectura\" \/>\n\t<meta name=\"twitter:data1\" content=\"1 minuto\" \/>\n<script type=\"application\/ld+json\" class=\"yoast-schema-graph\">{\"@context\":\"https:\/\/schema.org\",\"@graph\":[{\"@type\":\"WebPage\",\"@id\":\"https:\/\/kursaalmelilla.com\/\",\"url\":\"https:\/\/kursaalmelilla.com\/\",\"name\":\"Home - Kursaal Lounge Caf\u00e9-Bar\",\"isPartOf\":{\"@id\":\"https:\/\/kursaalmelilla.com\/#website\"},\"datePublished\":\"2024-10-18T10:32:11+00:00\",\"dateModified\":\"2025-12-09T10:40:15+00:00\",\"description\":\"Kursaal Melilla\",\"breadcrumb\":{\"@id\":\"https:\/\/kursaalmelilla.com\/#breadcrumb\"},\"inLanguage\":\"es\",\"potentialAction\":[{\"@type\":\"ReadAction\",\"target\":[\"https:\/\/kursaalmelilla.com\/\"]}]},{\"@type\":\"BreadcrumbList\",\"@id\":\"https:\/\/kursaalmelilla.com\/#breadcrumb\",\"itemListElement\":[{\"@type\":\"ListItem\",\"position\":1,\"name\":\"Portada\",\"item\":\"https:\/\/kursaalmelilla.com\/\"},{\"@type\":\"ListItem\",\"position\":2,\"name\":\"Home\"}]},{\"@type\":\"WebSite\",\"@id\":\"https:\/\/kursaalmelilla.com\/#website\",\"url\":\"https:\/\/kursaalmelilla.com\/\",\"name\":\"Kursaal Lounge Caf\u00e9-Bar\",\"description\":\"Kursaal Melilla\",\"publisher\":{\"@id\":\"https:\/\/kursaalmelilla.com\/#organization\"},\"alternateName\":\"Kursaal Melilla\",\"potentialAction\":[{\"@type\":\"SearchAction\",\"target\":{\"@type\":\"EntryPoint\",\"urlTemplate\":\"https:\/\/kursaalmelilla.com\/?s={search_term_string}\"},\"query-input\":{\"@type\":\"PropertyValueSpecification\",\"valueRequired\":true,\"valueName\":\"search_term_string\"}}],\"inLanguage\":\"es\"},{\"@type\":\"Organization\",\"@id\":\"https:\/\/kursaalmelilla.com\/#organization\",\"name\":\"Kursaal Lounge Caf\u00e9-Bar\",\"alternateName\":\"Carai Melilla SL\",\"url\":\"https:\/\/kursaalmelilla.com\/\",\"logo\":{\"@type\":\"ImageObject\",\"inLanguage\":\"es\",\"@id\":\"https:\/\/kursaalmelilla.com\/#\/schema\/logo\/image\/\",\"url\":\"https:\/\/kursaalmelilla.com\/wp-content\/uploads\/2024\/11\/K-RESPLANDOR-EXTERIOR.png\",\"contentUrl\":\"https:\/\/kursaalmelilla.com\/wp-content\/uploads\/2024\/11\/K-RESPLANDOR-EXTERIOR.png\",\"width\":2678,\"height\":3375,\"caption\":\"Kursaal Lounge Caf\u00e9-Bar\"},\"image\":{\"@id\":\"https:\/\/kursaalmelilla.com\/#\/schema\/logo\/image\/\"},\"sameAs\":[\"https:\/\/www.facebook.com\/profile.php?id=61567324082426&locale=es_ES\",\"https:\/\/www.instagram.com\/kursaalmelilla\"]}]}<\/script>\n<!-- \/ Yoast SEO plugin. -->","yoast_head_json":{"title":"Home - Kursaal Lounge Caf\u00e9-Bar","description":"Kursaal Melilla","robots":{"index":"index","follow":"follow","max-snippet":"max-snippet:-1","max-image-preview":"max-image-preview:large","max-video-preview":"max-video-preview:-1"},"canonical":"https:\/\/kursaalmelilla.com\/","og_locale":"es_ES","og_type":"article","og_title":"Home - Kursaal Lounge Caf\u00e9-Bar","og_description":"Kursaal Melilla","og_url":"https:\/\/kursaalmelilla.com\/","og_site_name":"Kursaal Lounge Caf\u00e9-Bar","article_publisher":"https:\/\/www.facebook.com\/profile.php?id=61567324082426&locale=es_ES","article_modified_time":"2025-12-09T10:40:15+00:00","og_image":[{"width":2678,"height":3375,"url":"https:\/\/kursaalmelilla.com\/wp-content\/uploads\/2024\/11\/K-RESPLANDOR-EXTERIOR.png","type":"image\/png"}],"twitter_card":"summary_large_image","twitter_misc":{"Tiempo de lectura":"1 minuto"},"schema":{"@context":"https:\/\/schema.org","@graph":[{"@type":"WebPage","@id":"https:\/\/kursaalmelilla.com\/","url":"https:\/\/kursaalmelilla.com\/","name":"Home - Kursaal Lounge Caf\u00e9-Bar","isPartOf":{"@id":"https:\/\/kursaalmelilla.com\/#website"},"datePublished":"2024-10-18T10:32:11+00:00","dateModified":"2025-12-09T10:40:15+00:00","description":"Kursaal Melilla","breadcrumb":{"@id":"https:\/\/kursaalmelilla.com\/#breadcrumb"},"inLanguage":"es","potentialAction":[{"@type":"ReadAction","target":["https:\/\/kursaalmelilla.com\/"]}]},{"@type":"BreadcrumbList","@id":"https:\/\/kursaalmelilla.com\/#breadcrumb","itemListElement":[{"@type":"ListItem","position":1,"name":"Portada","item":"https:\/\/kursaalmelilla.com\/"},{"@type":"ListItem","position":2,"name":"Home"}]},{"@type":"WebSite","@id":"https:\/\/kursaalmelilla.com\/#website","url":"https:\/\/kursaalmelilla.com\/","name":"Kursaal Lounge Caf\u00e9-Bar","description":"Kursaal Melilla","publisher":{"@id":"https:\/\/kursaalmelilla.com\/#organization"},"alternateName":"Kursaal Melilla","potentialAction":[{"@type":"SearchAction","target":{"@type":"EntryPoint","urlTemplate":"https:\/\/kursaalmelilla.com\/?s={search_term_string}"},"query-input":{"@type":"PropertyValueSpecification","valueRequired":true,"valueName":"search_term_string"}}],"inLanguage":"es"},{"@type":"Organization","@id":"https:\/\/kursaalmelilla.com\/#organization","name":"Kursaal Lounge Caf\u00e9-Bar","alternateName":"Carai Melilla SL","url":"https:\/\/kursaalmelilla.com\/","logo":{"@type":"ImageObject","inLanguage":"es","@id":"https:\/\/kursaalmelilla.com\/#\/schema\/logo\/image\/","url":"https:\/\/kursaalmelilla.com\/wp-content\/uploads\/2024\/11\/K-RESPLANDOR-EXTERIOR.png","contentUrl":"https:\/\/kursaalmelilla.com\/wp-content\/uploads\/2024\/11\/K-RESPLANDOR-EXTERIOR.png","width":2678,"height":3375,"caption":"Kursaal Lounge Caf\u00e9-Bar"},"image":{"@id":"https:\/\/kursaalmelilla.com\/#\/schema\/logo\/image\/"},"sameAs":["https:\/\/www.facebook.com\/profile.php?id=61567324082426&locale=es_ES","https:\/\/www.instagram.com\/kursaalmelilla"]}]}},"_links":{"self":[{"href":"https:\/\/kursaalmelilla.com\/index.php\/wp-json\/wp\/v2\/pages\/13","targetHints":{"allow":["GET"]}}],"collection":[{"href":"https:\/\/kursaalmelilla.com\/index.php\/wp-json\/wp\/v2\/pages"}],"about":[{"href":"https:\/\/kursaalmelilla.com\/index.php\/wp-json\/wp\/v2\/types\/page"}],"author":[{"embeddable":true,"href":"https:\/\/kursaalmelilla.com\/index.php\/wp-json\/wp\/v2\/users\/1"}],"replies":[{"embeddable":true,"href":"https:\/\/kursaalmelilla.com\/index.php\/wp-json\/wp\/v2\/comments?post=13"}],"version-history":[{"count":12,"href":"https:\/\/kursaalmelilla.com\/index.php\/wp-json\/wp\/v2\/pages\/13\/revisions"}],"predecessor-version":[{"id":320,"href":"https:\/\/kursaalmelilla.com\/index.php\/wp-json\/wp\/v2\/pages\/13\/revisions\/320"}],"wp:attachment":[{"href":"https:\/\/kursaalmelilla.com\/index.php\/wp-json\/wp\/v2\/media?parent=13"}],"curies":[{"name":"wp","href":"https:\/\/api.w.org\/{rel}","templated":true}]}}